 2*j. Let q(k) be the second derivative of s(k). What is q(5)?
6
Let h(z) = z**3 - 7*z**2 + 7*z - 3. Let o be h(6). Let n(g) = -3*g**2 - 3*g + g**3 - 3 + 6*g + g**3 - g**3. Determine n(o).
6
Let i(q) = 7*q**2 - 2*q - 2. Let h = 11 - 8. Let r(f) = f**2 - 4*f - 2. Let s be r(h). Let n(w) = 10*w**2 - 3*w - 3. Let d(k) = s*n(k) + 7*i(k). Calculate d(4).
-11
Suppose h - 3 - 1 = 0. Suppose -h*b - 12 = -d - 7*b, -3*b = 4*d - 12. Let m(w) be the third derivative of -w**4/24 - 5*w**3/6 + w**2. Determine m(d).
-5
Let w be 12/(-9)*-3 - 0. Suppose -w*l + 16 = 4. Suppose -8*k = -l*k - 20. Let y(u) = u + 1. Give y(k).
5
Let w(c) = -c**2 - 5*c + 3. Let v(t) = -3*t**2 - 11*t + 7. Let b(a) = -2*v(a) + 5*w(a). Calculate b(4).
5
Let k(p) = p**2 - 2. Suppose 5*g - 3*m = 28, -4*g - 3*m = -g - 36. Let x be 2/g - (-65)/(-20). Give k(x).
7
Let d(r) = r**2 + 6*r - 5. Let u be d(-7). Suppose -5*o + u + 8 = 0. Let n(w) = -3*w - 2 + 5*w - w. What is n(o)?
0
Suppose -3*g + 1 = -2*w - 21, -3*w + 6 = 2*g. Let b(f) = f - 7. Give b(g).
-1
Let c = 1 + -3. Suppose 2*y = y + 1. Let j(w) = 0 + 3*w**2 + y + 4*w - w. Determine j(c).
7
Let d(c) be the second derivative of -c**3 - 17*c. Calculate d(-1).
6
Let m = -4 + 2. Let k(q) = q**2 + q. Give k(m).
2
Suppose 4*m = -0*m + 48. Suppose 0 = 2*j - 0*j + m. Let s(u) = u**2 + 5*u - 7. What is s(j)?
-1
Let h(w) = -w + 4. Suppose -3*f - o - 18 = -0*o, f - 4*o + 6 = 0. Give h(f).
10
Let z(m) = -158*m - 3 + 4 + 153*m. What is z(1)?
-4
Let w(n) = -n**2 - 9*n - 1. Let g(j) = j**3 - 23*j**2 + 24*j - 53. Let t be g(22). Give w(t).
-1
Let x(t) be the first derivative of t**6/360 - t**5/40 + t**4/24 - 4*t**3/3 - 2. Let i(y) be the third derivative of x(y). Calculate i(4).
5
Suppose 0*u + 5 = 5*u. Let z(f) = -f + 4 - 2*f - 6*f**2 - u + f**3 - 5*f. Give z(7).
-4
Let d(c) be the second derivative of -2*c**3/3 + c**2/2 - 8*c - 11. Let l be 1*1*(0 + 1). Calculate d(l).
-3
Let t be (-3)/(-36) + 1/6. Let z(s) be the first derivative of -3 - 2/3*s**3 - s**2 + s + t*s**4. Calculate z(3).
4
Let p(q) = 3 + 3 + q - 3*q. Suppose 4 = o - 3*r + 1, -2*r = -5*o - 24. Let i = o - -10. Calculate p(i).
-2
Let o = -11 + 6. Let v(q) = 5*q**2 - 2*q + 1. Let x be v(1). Let m(k) = x + 7*k + 0*k**3 - k**3 - 3*k**2 + 3 - k**2. Calculate m(o).
-3
Let q(j) = -j - 9. Let n be q(-10). Let b(m) = -m**2 - 11*m**2 + m + 2*m**2. What is b(n)?
-9
Let z = 2 + -6. Let w(j) = j**2 + 4*j. Let b be w(z). Let y(d) = -d + 6. Give y(b).
6
Let c(k) = -41 + 38 - 2*k + 3*k**2 - k**3 - 7*k**2. Determine c(-4).
5
Let a(d) = d**3 - 4*d**2 - 1. Let x be a(4). Let j(h) = 27*h**2 - 13*h - 13. Let t(l) = 14*l**2 - 7*l - 7. Let z(c) = -6*j(c) + 11*t(c). Calculate z(x).
-8
Suppose 6 = -n + 2. Let q(o) = o**3 + 4*o**2 - 2*o. Give q(n).
8
Let i(j) be the second derivative of j**3 - 1/120*j**6 - 1/2*j**2 - 3*j - 1/20*j**5 + 7/24*j**4 + 0. Let h(d) be the first derivative of i(d). Give h(-4).
-6
Let n = -3 - -8. Let h(w) = 3*w + 0 - 3 + n - 4*w. Determine h(4).
-2
Let j(z) = -z + 6. Let u(v) = -v**2 - 8*v - 2. Let y be u(-7). Let s(k) = 2*k - 11. Let n(x) = y*j(x) + 3*s(x). Give n(5).
2
Let p be ((-8)/10)/((-8)/20). Let n(s) = 0*s + s**3 - 2*s**p - s**2 - s**2 - 2 + 2*s. Suppose -2*h = -4*h - 4*l + 24, h = l. Calculate n(h).
6
Let d(q) = -q**3 - 9*q**2 + 9*q - 8. Let k be d(-10). Suppose 3*f + 1 + k = 0. Let t(h) = 4*h - 3 + 0 + 4. What is t(f)?
-3
Let p(f) = 0*f - 6*f + 5*f. Let s(i) = -4*i. Let z(u) = u**2 - 5*u + 1. Let o be z(4). Let g(v) = o*s(v) + 14*p(v). What is g(-1)?
2
Let v(k) be the first derivative of k**4/4 + 7*k**3/3 + 3*k**2/2 - 3*k - 32. Determine v(-6).
15
Let c(w) = w**2 - 6*w + 5. Let m(x) = -x**3 - 25*x**2 - 23*x + 30. Let h be m(-24). Give c(h).
5
Let u(n) = -n**3 - 4*n**2 + 4*n**2 - 3 + 2*n**3. Calculate u(0).
-3
Let t = 3 - -3. Suppose -t*y = -0*y. Let i(j) = -j**2 + j - 5. Determine i(y).
-5
Let w be 1 - 3/(9/(-6)). Suppose -5*i = -w*i - 8. Let n(j) = j**2 - 4*j + 3. Calculate n(i).
3
Suppose -3*w - 2*w + 28 = -2*b, -5*b + 5 = 0. Suppose -12 = q - 4*k, 2*q - 4*q - 2*k = -w. Let o(x) = -x**3 + x - 2 + 2. Calculate o(q).
0
Let r(d) = d**3 - d**2 + d. Let y(k) = -5*k**3 + 10*k**2 - 9*k - 6. Let u(w) = -4*r(w) - y(w). Let l = -2 + 3. Let q = 6 - l. Give u(q).
6
Let i = 4 + -10. Let j(q) = 4 + 4 - q**3 - 3*q**2 - 4*q**2 - 4*q. Give j(i).
-4
Let k(m) = -m + 11*m - 3*m**2 - 11*m + 2*m**2 + 4. Give k(-3).
-2
Let i be -5*(-3)/((-9)/(-3)). Let q(x) = x**2 - 4*x. Calculate q(i).
5
Let y = 9 + -14. Let s(a) = -3*a - 6. Give s(y).
9
Let m(g) = 4*g - 1. Suppose -2*a = -7*a - 4*j + 56, -4 = 4*j. Let x = -11 + a. What is m(x)?
3
Let c = 18 + -17. Let d(h) = -5*h**2 - h. Determine d(c).
-6
Let b(x) = 5*x**3 - x**2. Let r(n) = n + 15. Let h be r(-12). Suppose 0 = 4*k + 4*g - 8, 3*k - k + h*g = 7. Calculate b(k).
-6
Let c = 11/42 + -5/28. Let n(z) be the third derivative of 0*z**3 + 2*z**2 + 0*z - c*z**4 + 0. Calculate n(-1).
2
Let z(t) = -t**2 - 6*t + 1. Suppose 4*x - 8 = 76. Let d be (-102)/x + 5/(-35). What is z(d)?
6
Suppose -57 = -5*i + 2*z - 21, 0 = 5*i - 5*z - 45. Suppose 5*v - 4 = i. Let n(q) = q**2 + 4*q - 3. What is n(v)?
9
Suppose 0 = -u + 3*v + v - 13, -10 = -5*u + 5*v. Let k(t) = -t**2 - 7*t**2 + 3 - 6*t + u*t**2. Give k(-6).
3
Let o(b) = -2*b**2 + b + 4*b**3 - 3*b**3 + 20 - 16. Let m be o(2). Let n(u) = 2*u - 6. Give n(m).
6
Let x be 1 - (2*6 + 0). Let f = x + 16. Suppose 11 = f*a - 14. Let t(r) = -r + 5. Calculate t(a).
0
Let n be 5/(-20) - (-9)/4. Let h(r) = -2*r**n + 5*r - r**2 - 8*r + 4*r. What is h(2)?
-10
Suppose -5*l + 56 = 6. Let a(i) = 1 - l - 3 - 9*i. Let f(k) = 19*k + 25. Let s(p) = -13*a(p) - 6*f(p). Give s(-4).
-6
Let y(s) = s**3 - s**2 + 9. Suppose 4*o + 4*l - 1 - 3 = 0, -l + 1 = -5*o. Determine y(o).
9
Suppose -4*u - 4 + 12 = -3*o, 2*o - 4*u + 12 = 0. Let y(l) = -l + 10. Let w be y(7). Let k(f) = 3*f**2 + w*f + 3*f**2 - 7*f**2 - 5. Calculate k(o).
-9
Suppose 4 = i + 4*d, -i - d + 8 = i. Let v(k) = k**2 + k + 4. Let a be v(0). Let m(p) = -a - p + 3*p + 3. Give m(i).
7
Let x(r) = -r**2 + 4*r. Let n be 2 - -1 - (-3 - -2). Let z(t) = -t**3 + 4*t**2 + 5. Let u be z(n). What is x(u)?
-5
Let v be (4 + -7)*2/3. Let j(c) = -c**3 - c**2 - c - 2. Let g(d) = d**3 + d**2 - 1. Let o(u) = v*g(u) - j(u). Calculate o(0).
4
Let i(o) = o - 14. Suppose b = 4 - 0. Suppose 0 = 5*m + 2*d - 39, -3*d + d = -b. Determine i(m).
-7
Let z(m) be the second derivative of 2*m**3/3 - 2*m**2 + m. Determine z(-3).
-16
Let p(w) = -4*w**2 + 6*w + 4. Let g(a) = -5*a**2 + 7*a + 4. Let x(m) = 3*g(m) - 4*p(m). Suppose -2*r + 3*r - 5 = 4*s, 0 = -4*r - 3*s + 20. What is x(r)?
6
Let c(u) = -u**3 - 9*u**2 - 8*u + 2. Let d be c(-8). Let k = 2 + d. Suppose -k*j - 3*w + 4 = -7*w, 0 = j - 5*w - 1. Let i(v) = -4*v. Calculate i(j).
-4
Suppose -3*p + 7 + 5 = 0. Let k(v) = -5*v - v + 4*v + 0*v + 3. Give k(p).
-5
Let m(c) = 3*c + 6. Let i be 12*-2*(-1)/(-6). Determine m(i).
-6
Let g(q) = q. Let f(o) = 7. Let n(h) = -f(h) + g(h). What is n(6)?
-1
Let f(d) = 22*d**2 + 1. Let r(n) = 110*n**2 + 5. Let x(j) = 11*f(j) - 2*r(j). Calculate x(1).
23
Let t(w) be the first derivative of 1/40*w**5 + 0*w + 0*w**2 + 1/360*w**6 - 3 - 1/12*w**4 - 4/3*w**3. Let i(b) be the third derivative of t(b). Calculate i(-3).
-2
Let z(m) = -m. Let v(k) = -k**2 - 8*k - 12. Let n be v(-5). Calculate z(n).
-3
Let p(l) = -4*l - 10. Let s(n) = -3*n - 10. Let d(q) = -4*p(q) + 5*s(q). Determine d(8).
-2
Let o(g) = g**2 + 5*g + 4. Let c = -8 + 10. Suppose -z - 3*l + 8 = 0, c*l = -z + l. What is o(z)?
0
Let u(o) = -o - 8. Let w = -26 - -21. What is u(w)?
-3
Let o(n) = -2*n + 1. Let s be o(-1). Let a(b) = b + 1. Give a(s).
4
Let o(n) = n**3 + 9*n**2 - 12*n - 13. Let j be 1 - (0 + 15 + (-8)/2). Calculate o(j).
7
Suppose -3*m + 0*m + 3 = 0. Let k(t) = t**3 + 0 - 1 - m + 5*t - 5*t**2. Let z be (-4)/(-1) + (-2)/2. What is k(z)?
-5
Suppose 4*d + 7 = 19. Let y(c) = -20 - d*c + 20. Let s = 6 + -8. Calculate y(s).
6
Let x(u) = u - 6. Suppose -4*s - o + 5 = -3*s, 3*s = -5*o + 9. Give x(s).
2
Let p(g) = g**3 + 3*g - 4*g**2 + 0*g + g**3. Suppose 7*o - 2*o + 13 = u, -5*u = 4*o - 7. Suppose v - 2 = s - 3, 5*v + 1 = u*s. Calculate p(s).
6
Let o(x) be the third derivative of -x**5/60 - 5*x**4/24 - x**3 + 3*x**2. Give o(-5).
-6
Let n(g) be the third derivative of -g**5/60